35725?
5, 301429
What are the prime factors of 40052629?
17, 419, 5623
List the prime factors of 798764227.
17, 1249, 37619
What are the prime factors of 250724194?
2, 7, 17, 73, 14431
List the prime factors of 3651061885.
5, 1433, 509569
What are the prime factors of 203719880?
2, 5, 7, 13, 55967
List the prime factors of 1851753.
3, 23, 47, 571
What are the prime factors of 34919639?
101, 345739
What are the prime factors of 432822821?
43, 131, 76837
What are the prime factors of 29715160?
2, 5, 41, 18119
What are the prime factors of 461870316?
2, 3, 19, 47, 4789
List the prime factors of 579945976.
2, 1511, 47977
What are the prime factors of 353884045?
5, 1399, 50591
What are the prime factors of 190033111?
137, 739, 1877
List the prime factors of 3666248847.
3, 103, 3954961
List the prime factors of 437782085.
5, 13, 1811, 3719
List the prime factors of 516750069.
3, 11, 15659093
What are the prime factors of 5840965520?
2, 5, 13, 71, 79103
What are the prime factors of 213946712?
2, 7, 3820477
List the prime factors of 24770677.
239, 103643
What are the prime factors of 989804952?
2, 3, 31, 283, 1567
What are the prime factors of 13101803?
11, 13, 91621
What are the prime factors of 1900651565?
5, 47, 8087879
What are the prime factors of 4329128197?
113, 38310869
List the prime factors of 49683577.
49683577
List the prime factors of 3623126729.
73, 4721, 10513
What are the prime factors of 21767109?
3, 7, 13, 71, 1123
List the prime factors of 63048841.
63048841
List the prime factors of 196203863.
347, 565429
List the prime factors of 2618591477.
2618591477
What are the prime factors of 8086977338?
2, 11, 167, 2201137
What are the prime factors of 305369357?
353, 865069
List the prime factors of 152187452.
2, 38046863
What are the prime factors of 312489087?
3, 17, 37, 165601
List the prime factors of 139994861.
29, 4827409
What are the prime factors of 147413326?
2, 73706663
What are the prime factors of 113734264?
2, 7, 23, 227, 389
What are the prime factors of 1243777434?
2, 3, 61, 439, 7741
What are the prime factors of 518300318?
2, 17, 137, 111271
List the prime factors of 41825349.
3, 1549087
List the prime factors of 33807151.
7, 4829593
List the prime factors of 26459132.
2, 7, 944969
List the prime factors of 7134959859.
3, 2378319953
What are the prime factors of 2990530710?
2, 3, 5, 33228119
What are the prime factors of 81645187?
13, 6280399
List the prime factors of 40045294.
2, 2909, 6883
What are the prime factors of 22332175?
5, 29, 30803
List the prime factors of 56463476.
2, 14115869
List the prime factors of 49543334.
2, 23, 41, 109, 241
List the prime factors of 7566672.
2, 3, 157639
List the prime factors of 128572289.
1559, 82471
What are the prime factors of 2637979869?
3, 7, 125618089
What are the prime factors of 18172971?
3, 673073
What are the prime factors of 167717013?
3, 67, 311, 2683
What are the prime factors of 64432325?
5, 19, 135647
What are the prime factors of 523451142?
2, 3, 29080619
What are the prime factors of 1106421622?
2, 553210811
List the prime factors of 2981453.
2981453
What are the prime factors of 5367591663?
3, 7, 36514229
What are the prime factors of 41283232?
2, 419, 3079
List the prime factors of 26253257.
26253257
What are the prime factors of 654571185?
3, 5, 19, 2296741
List the prime factors of 99740259.
3, 23, 481837
List the prime factors of 41520163.
41520163
List the prime factors of 142021122.
2, 3, 47, 503621
List the prime factors of 585888718.
2, 251, 359, 3251
What are the prime factors of 1326316915?
5, 7, 11, 349, 9871
What are the prime factors of 79789694?
2, 39894847
What are the prime factors of 5708443621?
13499, 422879
What are the prime factors of 168049166?
2, 84024583
What are the prime factors of 12052590?
2, 3, 5, 11, 36523
What are the prime factors of 38716591?
223, 173617
What are the prime factors of 3218478540?
2, 3, 5, 53641309
List the prime factors of 5370464392.
2, 107, 6273907
What are the prime factors of 400207876?
2, 53, 1887773
What are the prime factors of 1640502792?
2, 3, 22784761
What are the prime factors of 322143333?
3, 569, 188719
List the prime factors of 1096769531.
11, 13, 29, 24043
What are the prime factors of 2951113?
11, 268283
List the prime factors of 1566108041.
19, 2237, 36847
What are the prime factors of 906780237?
3, 11, 1327, 20707
What are the prime factors of 158286906?
2, 3, 1051, 2789
What are the prime factors of 958079542?
2, 7, 61, 337, 3329
What are the prime factors of 721376684?
2, 7, 89, 289477
What are the prime factors of 36683440?
2, 5, 458543
What are the prime factors of 533826329?
47, 11358007
What are the prime factors of 67243098?
2, 3, 13, 877, 983
List the prime factors of 10945601.
293, 37357
What are the prime factors of 153880203?
3, 3259, 15739
What are the prime factors of 667154054?
2, 7, 23, 181, 11447
List the prime factors of 382786436.
2, 95696609
What are the prime factors of 123892496?
2, 7, 13, 85091
What are the prime factors of 49376575?
5, 991, 1993
What are the prime factors of 936763102?
2, 11, 42580141
List the prime factors of 350126105.
5, 7, 137, 73019
List the prime factors of 504013588.
2, 13, 9692569
What are the prime factors of 57237787?
57237787
What are the prime factors of 3246478922?
2, 73, 3259, 6823
What are the prime factors of 1117558080?
2, 3, 5, 129347
What are the prime factors of 97819506?
2, 3, 23, 10273
List the prime factors of 57034864.
2, 17, 209687
What are the prime factors of 5734408978?
2, 36929, 77641
List the prime factors of 1182378175.
5, 11, 4299557
List the prime factors of 1595350298.
2, 797675149
What are the prime factors of 2461005254?
2, 137, 223, 40277
What are the prime factors of 136462146?
2, 3, 22743691
What are the prime factors of 1505758579?
13, 41, 2825063
List the prime factors of 396558801.
3, 23, 638581
What are the prime factors of 534852930?
2, 3, 5, 17828431
What are the prime factors of 29023133?
37, 784409
What are the prime factors of 1538103140?
2, 5, 7, 79, 19867
List the prime factors of 75236043.
3, 3323, 7547
What are the prime factors of 3271021331?
29, 613, 184003
List the prime factors of 2134256168.
2, 11, 19, 599, 2131
What are the prime factors of 1744004312?
2, 5701, 38239
List the prime factors of 102628423.
101, 1016123
List the prime factors of 1199939024.
2, 74996189
What are the prime factors of 3169672338?
2, 3, 7, 17, 4439317
What are the prime factors of 1038703098?
2, 3, 43, 4025981
List the prime factors of 406140669.
3, 11, 233, 5869
What are the prime factors of 121067547?
3, 29, 41, 33941
List the prime factors of 491652700.
2, 5, 7, 11, 67, 953
What are the prime factors of 18358891?
18358891
List the prime factors of 1754139246.
2, 3, 292356541
List the prime factors of 281278364.
2, 70319591
List the prime factors of 82719634.
2, 3881, 10657
List the prime factors of 667457314.
2, 131, 599, 4253
What are the prime factors of 231922847?
13, 757, 23567
What are the prime factors of 280776980?
2, 5, 11, 73, 17483
What are the prime factors of 5862692961?
3, 107, 1289, 4723
List the prime factors of 14380990.
2, 5, 13, 110623
List the prime factors of 414661979.
229, 1810751
What are the prime factors of 167123957?
7, 11, 13, 17, 23, 61
List the prime factors of 79585914.
2, 3, 73, 109, 1667
What are the prime factors of 13486871?
13486871
List the prime factors of 1784586546.
2, 3, 4637, 7127
List the prime factors of 54341735.
5, 7, 137, 1619
What are the prime factors of 1243073982?
2, 3, 61, 3396377
List the prime factors of 1008008624.
2, 7, 47, 191491
List the prime factors of 226390771.
23, 491, 20047
What are the prime factors of 766170171?
3, 13, 47, 113, 137
What are the prime factors of 9312834780?
2, 3, 5, 23, 2249477
List the prime factors of 80554540.
2, 5, 11, 33287
What are the prime factors of 3851256454?
2, 173, 11130799
List the prime factors of 46168614.
2, 3, 1229, 2087
List the prime factors of 64833355.
5, 449, 28879
What are the prime factors of 185552252?
2, 19, 71, 137, 251
What are the prime factors of 5114094431?
97, 52722623
What are the prime factors of 11629910?
2, 5, 1162991
What are the prime factors of 245973470?
2, 5, 157, 156671
What are the prime factors 